est common divisor of 1254781 and 2849?
407
Calculate the greatest common factor of 2119074 and 138.
6
Calculate the greatest common factor of 6320469960 and 35.
35
Calculate the highest common factor of 5622 and 22050.
6
What is the highest common divisor of 77392159 and 1313?
1313
What is the greatest common factor of 242808 and 1656?
24
What is the highest common factor of 1296 and 990832?
16
Calculate the greatest common divisor of 999594 and 71622.
3114
What is the highest common divisor of 63 and 2485273?
7
What is the greatest common divisor of 85 and 340985?
5
Calculate the greatest common divisor of 2611494 and 2124.
18
Calculate the highest common factor of 17286478 and 88.
22
What is the greatest common factor of 315 and 5259765?
105
Calculate the highest common factor of 1176 and 213715264.
392
What is the greatest common factor of 927 and 2275173?
9
Calculate the highest common divisor of 55035357 and 507.
507
Calculate the greatest common divisor of 2187702 and 99.
99
What is the highest common factor of 669350 and 14410?
110
Calculate the greatest common factor of 386 and 12362422.
386
Calculate the highest common factor of 1737954 and 54.
18
What is the greatest common divisor of 6375 and 524222625?
6375
What is the highest common divisor of 204 and 10814616?
12
What is the greatest common factor of 6814 and 656276782?
6814
What is the highest common divisor of 3921698 and 176?
22
What is the greatest common factor of 180 and 18933255?
45
What is the greatest common divisor of 2377 and 156765527?
2377
What is the greatest common divisor of 5166915 and 52?
13
Calculate the greatest common factor of 32 and 23349548.
4
Calculate the highest common factor of 58032 and 2223.
117
What is the highest common divisor of 642054 and 18564?
42
What is the highest common factor of 1576 and 12288?
8
Calculate the greatest common factor of 8 and 3209994.
2
Calculate the highest common factor of 48300 and 148442.
322
Calculate the greatest common divisor of 5115631 and 267.
89
What is the highest common divisor of 412846 and 491582?
518
Calculate the greatest common divisor of 750 and 1510986.
6
Calculate the greatest common factor of 177376 and 78752.
736
Calculate the greatest common divisor of 12620 and 763785116.
2524
What is the highest common divisor of 144 and 243316?
4
What is the greatest common factor of 200 and 643200?
200
Calculate the greatest common factor of 528496 and 204752.
1072
Calculate the greatest common divisor of 11963198 and 8398.
494
Calculate the greatest common divisor of 290 and 927230.
10
What is the highest common factor of 238 and 56096166?
14
What is the highest common divisor of 605681 and 6059?
73
Calculate the highest common divisor of 147755 and 15285.
5095
Calculate the highest common divisor of 534253300 and 420.
140
What is the greatest common factor of 7872625 and 1125?
125
Calculate the highest common factor of 220935 and 5577.
429
Calculate the greatest common factor of 1386700 and 882.
98
What is the highest common divisor of 10 and 856215?
5
Calculate the greatest common factor of 710 and 605764190.
710
What is the greatest common factor of 58280 and 319630832?
11656
What is the highest common divisor of 3704 and 488608?
8
Calculate the greatest common factor of 754962 and 2694.
6
What is the highest common factor of 31700 and 580103660?
6340
What is the greatest common divisor of 14378496 and 113960?
3256
Calculate the highest common divisor of 4559640 and 270.
30
Calculate the greatest common factor of 135484965 and 330.
165
Calculate the greatest common factor of 400 and 4046824.
8
Calculate the highest common divisor of 119 and 12709907.
7
Calculate the greatest common factor of 473 and 1003077856.
473
What is the greatest common factor of 606864 and 26367?
141
Calculate the greatest common divisor of 2607 and 2194269.
33
What is the greatest common factor of 6953 and 58973?
17
Calculate the highest common divisor of 10220 and 82295090.
730
Calculate the highest common divisor of 8572915 and 6175.
65
What is the highest common factor of 645 and 18492580?
215
Calculate the greatest common factor of 526740511 and 33.
11
What is the greatest common divisor of 2115 and 291315?
15
Calculate the highest common divisor of 19678498 and 7.
7
Calculate the greatest common factor of 1243 and 859859.
11
Calculate the highest common factor of 2604 and 3202626.
42
What is the highest common factor of 187278 and 22074?
78
Calculate the highest common divisor of 25998735 and 15.
15
What is the greatest common divisor of 338416 and 364208?
208
What is the highest common factor of 48 and 27097032?
24
Calculate the highest common factor of 2785913088 and 672.
672
What is the highest common factor of 2835 and 76268304?
567
Calculate the highest common factor of 16289856 and 135.
27
Calculate the greatest common divisor of 1318284 and 100.
4
What is the greatest common divisor of 64 and 386038?
2
What is the greatest common factor of 4107204 and 12?
12
Calculate the greatest common divisor of 2796170 and 1846.
26
Calculate the highest common divisor of 774 and 694419126.
258
What is the greatest common divisor of 44137 and 1435412?
1919
What is the highest common factor of 151662 and 11316?
138
What is the highest common factor of 3616 and 52295270?
226
Calculate the highest common factor of 2477776 and 266.
14
What is the greatest common factor of 6426574 and 62843?
319
Calculate the highest common divisor of 2837993 and 84923.
163
Calculate the greatest common divisor of 8840 and 18387880.
680
Calculate the greatest common divisor of 96724 and 18.
2
Calculate the greatest common divisor of 2013 and 72699.
33
Calculate the highest common divisor of 147 and 172879595.
49
What is the highest common factor of 56307 and 26578?
137
Calculate the greatest common divisor of 2332784 and 64.
16
What is the highest common factor of 5 and 157639?
1
Calculate the highest common divisor of 7 and 64751659.
7
What is the highest common divisor of 148617 and 4018?
49
Calculate the highest common divisor of 2976 and 466014.
6
What is the highest common divisor of 36 and 1037988828?
36
What is the highest common factor of 132 and 611644?
44
Calculate the greatest common divisor of 5040 and 3599820.
1260
Calculate the highest common factor of 14948 and 61004.
404
What is the greatest common factor of 162 and 25145478?
162
Calculate the highest common factor of 523548 and 171.
9
Calculate the greatest common factor of 915 and 24669681.
183
Calculate the highest common factor of 344 and 487188022.
86
Calculate the highest common divisor of 386934 and 15486.
6
Calculate the greatest common divisor of 4116 and 79342074.
2058
What is the highest common divisor of 27266017 and 271607?
5543
Calculate the highest common factor of 6240 and 6547515.
195
Calculate the highest common factor of 47780964 and 1386.
1386
What is the greatest common divisor of 363787 and 2751?
131
What is the greatest common divisor of 19 and 41984167?
19
Calculate the highest common factor of 2340372 and 4848.
1212
Calculate the greatest common divisor of 3487 and 397023.
11
Calculate the greatest common factor of 4745 and 255775.
65
Calculate the greatest common divisor of 26424238 and 206.
206
What is the greatest common factor of 168 and 563688804?
84
Calculate the greatest common divisor of 252 and 1534001.
7
Calculate the greatest common divisor of 1083875 and 5863.
13
Calculate the greatest common factor of 76 and 428952056.
76
Calculate the highest common factor of 874804 and 21.
7
Calculate the greatest common divisor of 885 and 107569095.
885
What is the highest common factor of 537684 and 27084?
444
What is the greatest common factor of 5525 and 817921?
221
Calculate the greatest common factor of 61593 and 1691922.
1257
Calculate the greatest common factor of 29589 and 19761.
21
What is the highest common factor of 17 and 10263223?
17
What is the greatest common factor of 26808 and 201688?
8
What is the greatest common factor of 98153371 and 87?
29
Calculate the highest common divisor of 140 and 5242076.
28
What is the greatest common factor of 16117 and 438564?
227
What is the greatest common factor of 225 and 992751?
3
Calculate the highest common d